{"id":1146,"date":"2018-07-20T18:41:10","date_gmt":"2018-07-20T18:41:10","guid":{"rendered":"https:\/\/kunstwerkstatt-kh.de\/?page_id=1146"},"modified":"2025-01-23T19:52:09","modified_gmt":"2025-01-23T19:52:09","slug":"foerderverein","status":"publish","type":"page","link":"https:\/\/kunstwerkstatt-kh.de\/?page_id=1146","title":{"rendered":"F\u00f6rderverein"},"content":{"rendered":"<p>[et_pb_section fb_built=&#8220;1&#8243; admin_label=&#8220;Hero&#8220; _builder_version=&#8220;4.21.0&#8243; background_image=&#8220;https:\/\/kunstwerkstatt-kh.de\/wp-content\/uploads\/2024\/01\/Kuwe_FV_Titelbild-scaled.jpg&#8220; background_size=&#8220;stretch&#8220; custom_margin=&#8220;|||&#8220; custom_padding=&#8220;200px||150px||false|false&#8220; animation_style=&#8220;fade&#8220; global_colors_info=&#8220;{}&#8220;][\/et_pb_section][et_pb_section fb_built=&#8220;1&#8243; admin_label=&#8220;Features&#8220; _builder_version=&#8220;4.16&#8243; custom_margin=&#8220;35px|0px|0px|0px||&#8220; custom_padding=&#8220;0px||36px|0px|false|false&#8220; animation_style=&#8220;fade&#8220; global_colors_info=&#8220;{}&#8220;][et_pb_row column_structure=&#8220;1_2,1_2&#8243; custom_padding_last_edited=&#8220;on|phone&#8220; _builder_version=&#8220;4.21.0&#8243; background_enable_image=&#8220;off&#8220; min_height=&#8220;556.4px&#8220; custom_margin=&#8220;-17px|auto||auto||&#8220; custom_padding=&#8220;10px|30px|47px|30px|false|false&#8220; custom_padding_tablet=&#8220;&#8220; custom_padding_phone=&#8220;|20px||20px&#8220; global_colors_info=&#8220;{}&#8220;][et_pb_column type=&#8220;1_2&#8243; _builder_version=&#8220;4.16&#8243; custom_padding=&#8220;|||&#8220; global_colors_info=&#8220;{}&#8220; custom_padding__hover=&#8220;|||&#8220;][et_pb_text _builder_version=&#8220;4.26.0&#8243; text_font=&#8220;Actor|500|||||||&#8220; text_text_color=&#8220;#1e1e1e&#8220; text_line_height=&#8220;1.6em&#8220; header_font=&#8220;Actor||||||||&#8220; header_text_color=&#8220;#0c71c3&#8243; header_4_font=&#8220;Montserrat|500|||||||&#8220; header_4_font_size=&#8220;16px&#8220; header_4_line_height=&#8220;2em&#8220; background_color=&#8220;rgba(255,255,255,0.95)&#8220; custom_margin=&#8220;|||&#8220; custom_padding=&#8220;0px|40px|40px|40px||&#8220; animation_style=&#8220;fade&#8220; animation_direction=&#8220;left&#8220; animation_starting_opacity=&#8220;100%&#8220; hover_enabled=&#8220;0&#8243; inline_fonts=&#8220;Actor&#8220; global_colors_info=&#8220;{}&#8220; sticky_enabled=&#8220;0&#8243;]<\/p>\n<p><span face=\"Times New Roman, serif\" style=\"font-family: 'Times New Roman', serif;\"><b><span face=\"Arial, sans-serif\" style=\"font-family: Arial, sans-serif;\"><span size=\"4\" style=\"font-size: large;\">F\u00f6rderverein der Kunstwerkstatt Bad Kreuznach e.V.<\/span><\/span><\/b><\/span><\/p>\n<p><span face=\"Times New Roman, serif\" style=\"font-family: 'Times New Roman', serif;\"><span face=\"Arial, sans-serif\" style=\"font-family: Arial, sans-serif;\"><span size=\"4\" style=\"font-size: large;\">Der F\u00f6rderverein unterst\u00fctzt die 2008 gegr\u00fcndete Jugendkunstschule Kunstwerkstatt Bad Kreuznach e.V. ideell und finanziell, um jungen Menschen durch Erwerb von Fertigkeiten, F\u00e4higkeiten und Kunstaus\u00fcbung Stabilit\u00e4t und Selbstbewusstsein zu erm\u00f6glichen und dadurch die Pers\u00f6nlichkeitsentwicklung von Kindern und Jugendlichen zu f\u00f6rdern. So unterst\u00fctzt er z. B. schw\u00e4cher gestellte Familien und gestaltet Aktionen in Bad Kreuznach mit.<br \/>Der F\u00f6rderverein freut sich sehr \u00fcber neue Mitglieder!<\/span><\/span><\/span><\/p>\n<p><span style=\"font-size: 14px;\"><\/span><span face=\"Times New Roman, serif\" style=\"font-family: 'Times New Roman', serif;\"><span face=\"Arial, sans-serif\" style=\"font-family: Arial, sans-serif;\"><span size=\"4\" style=\"font-size: large;\">Email: <a href=\"mailto:foerderverein.kunstwerkstatt.kh@gmail.com\">foerderverein.kunstwerkstatt.kh@gmail.com<\/a><br \/><\/span><\/span><span face=\"Times New Roman, serif\" style=\"font-family: 'Times New Roman', serif;\"><span face=\"Arial, sans-serif\" style=\"font-family: Arial, sans-serif;\"><span size=\"4\" style=\"font-size: large;\"><\/span><\/span><\/span><\/span><\/p>\n<p>[\/et_pb_text][\/et_pb_column][et_pb_column type=&#8220;1_2&#8243; _builder_version=&#8220;4.16&#8243; custom_padding=&#8220;|||&#8220; global_colors_info=&#8220;{}&#8220; custom_padding__hover=&#8220;|||&#8220;][et_pb_image src=&#8220;https:\/\/kunstwerkstatt-kh.de\/wp-content\/uploads\/2025\/01\/20250113_Foerderverein_2-scaled.jpg&#8220; title_text=&#8220;20250113_F\u00f6rderverein_2&#8243; align=&#8220;center&#8220; _builder_version=&#8220;4.26.0&#8243; _module_preset=&#8220;default&#8220; transform_translate=&#8220;0px|-6px&#8220; transform_translate_linked=&#8220;off&#8220; width=&#8220;89%&#8220; scroll_fade_enable=&#8220;off&#8220; hover_enabled=&#8220;0&#8243; global_colors_info=&#8220;{}&#8220; sticky_enabled=&#8220;0&#8243;][\/et_pb_image][et_pb_button button_url=&#8220;https:\/\/kunstwerkstatt-kh.de\/wp-content\/uploads\/2024\/01\/Kuwe_FV_Einzugsermaechtigung-scaled.jpg&#8220; button_text=&#8220;Mitglied werden&#8220; button_alignment=&#8220;center&#8220; _builder_version=&#8220;4.21.0&#8243; _module_preset=&#8220;default&#8220; global_colors_info=&#8220;{}&#8220;][\/et_pb_button][\/et_pb_column][\/et_pb_row][et_pb_row _builder_version=&#8220;4.16&#8243; custom_padding=&#8220;0|0px|0|0px|false|false&#8220; animation_style=&#8220;fade&#8220; global_colors_info=&#8220;{}&#8220;][et_pb_column type=&#8220;4_4&#8243; _builder_version=&#8220;4.16&#8243; custom_padding=&#8220;|||&#8220; global_colors_info=&#8220;{}&#8220; custom_padding__hover=&#8220;|||&#8220;][\/et_pb_column][\/et_pb_row][\/et_pb_section]<\/p>\n","protected":false},"excerpt":{"rendered":"<p>F\u00f6rderverein der Kunstwerkstatt Bad Kreuznach e.V. Der F\u00f6rderverein unterst\u00fctzt die 2008 gegr\u00fcndete Jugendkunstschule Kunstwerkstatt Bad Kreuznach e.V. ideell und finanziell, um jungen Menschen durch Erwerb von Fertigkeiten, F\u00e4higkeiten und Kunstaus\u00fcbung Stabilit\u00e4t und Selbstbewusstsein zu erm\u00f6glichen und dadurch die Pers\u00f6nlichkeitsentwicklung von Kindern und Jugendlichen zu f\u00f6rdern. So unterst\u00fctzt er z. B. schw\u00e4cher gestellte Familien und gestaltet [&hellip;]<\/p>\n","protected":false},"author":1,"featured_media":0,"parent":0,"menu_order":0,"comment_status":"closed","ping_status":"closed","template":"","meta":{"_et_pb_use_builder":"on","_et_pb_old_content":"","_et_gb_content_width":"","footnotes":""},"class_list":["post-1146","page","type-page","status-publish","hentry"],"_links":{"self":[{"href":"https:\/\/kunstwerkstatt-kh.de\/index.php?rest_route=\/wp\/v2\/pages\/1146","targetHints":{"allow":["GET"]}}],"collection":[{"href":"https:\/\/kunstwerkstatt-kh.de\/index.php?rest_route=\/wp\/v2\/pages"}],"about":[{"href":"https:\/\/kunstwerkstatt-kh.de\/index.php?rest_route=\/wp\/v2\/types\/page"}],"author":[{"embeddable":true,"href":"https:\/\/kunstwerkstatt-kh.de\/index.php?rest_route=\/wp\/v2\/users\/1"}],"replies":[{"embeddable":true,"href":"https:\/\/kunstwerkstatt-kh.de\/index.php?rest_route=%2Fwp%2Fv2%2Fcomments&post=1146"}],"version-history":[{"count":26,"href":"https:\/\/kunstwerkstatt-kh.de\/index.php?rest_route=\/wp\/v2\/pages\/1146\/revisions"}],"predecessor-version":[{"id":9635,"href":"https:\/\/kunstwerkstatt-kh.de\/index.php?rest_route=\/wp\/v2\/pages\/1146\/revisions\/9635"}],"wp:attachment":[{"href":"https:\/\/kunstwerkstatt-kh.de\/index.php?rest_route=%2Fwp%2Fv2%2Fmedia&parent=1146"}],"curies":[{"name":"wp","href":"https:\/\/api.w.org\/{rel}","templated":true}]}}

Förderverein

<p>[et_pb_section fb_built=&#8220;1&#8243; admin_label=&#8220;Hero&#8220; _builder_version=&#8220;4.21.0&#8243; background_image=&#8220;https://kunstwerkstatt-kh.de/wp-content/uploads/2024/01/Kuwe_FV_Titelbild-scaled.jpg&#8220; background_size=&#8220;stretch&#8220; custom_margin=&#8220;|||&#8220; custom_padding=&#8220;200px||150px||false|false&#8220; animation_style=&#8220;fade&#8220; global_colors_info=&#8220;{}&#8220;][/et_pb_section][et_pb_section fb_built=&#8220;1&#8243; admin_label=&#8220;Features&#8220; _builder_version=&#8220;4.16&#8243; custom_margin=&#8220;35px|0px|0px|0px||&#8220; custom_padding=&#8220;0px||36px|0px|false|false&#8220; animation_style=&#8220;fade&#8220; global_colors_info=&#8220;{}&#8220;][et_pb_row column_structure=&#8220;1_2,1_2&#8243; custom_padding_last_edited=&#8220;on|phone&#8220; _builder_version=&#8220;4.21.0&#8243; background_enable_image=&#8220;off&#8220; min_height=&#8220;556.4px&#8220; custom_margin=&#8220;-17px|auto||auto||&#8220; custom_padding=&#8220;10px|30px|47px|30px|false|false&#8220; custom_padding_tablet=&#8220;&#8220; custom_padding_phone=&#8220;|20px||20px&#8220; global_colors_info=&#8220;{}&#8220;][et_pb_column type=&#8220;1_2&#8243; _builder_version=&#8220;4.16&#8243; custom_padding=&#8220;|||&#8220; global_colors_info=&#8220;{}&#8220; custom_padding__hover=&#8220;|||&#8220;][et_pb_text _builder_version=&#8220;4.26.0&#8243; text_font=&#8220;Actor|500|||||||&#8220; text_text_color=&#8220;#1e1e1e&#8220; text_line_height=&#8220;1.6em&#8220; header_font=&#8220;Actor||||||||&#8220; header_text_color=&#8220;#0c71c3&#8243; header_4_font=&#8220;Montserrat|500|||||||&#8220; header_4_font_size=&#8220;16px&#8220; header_4_line_height=&#8220;2em&#8220; background_color=&#8220;rgba(255,255,255,0.95)&#8220; custom_margin=&#8220;|||&#8220; custom_padding=&#8220;0px|40px|40px|40px||&#8220; animation_style=&#8220;fade&#8220; animation_direction=&#8220;left&#8220; animation_starting_opacity=&#8220;100%&#8220; hover_enabled=&#8220;0&#8243; inline_fonts=&#8220;Actor&#8220; global_colors_info=&#8220;{}&#8220; sticky_enabled=&#8220;0&#8243;]</p>
<p><span face="Times New Roman, serif" style="font-family: 'Times New Roman', serif;"><b><span face="Arial, sans-serif" style="font-family: Arial, sans-serif;"><span size="4" style="font-size: large;">Förderverein der Kunstwerkstatt Bad Kreuznach e.V.</span></span></b></span></p>
<p><span face="Times New Roman, serif" style="font-family: 'Times New Roman', serif;"><span face="Arial, sans-serif" style="font-family: Arial, sans-serif;"><span size="4" style="font-size: large;">Der Förderverein unterstützt die 2008 gegründete Jugendkunstschule Kunstwerkstatt Bad Kreuznach e.V. ideell und finanziell, um jungen Menschen durch Erwerb von Fertigkeiten, Fähigkeiten und Kunstausübung Stabilität und Selbstbewusstsein zu ermöglichen und dadurch die Persönlichkeitsentwicklung von Kindern und Jugendlichen zu fördern. So unterstützt er z. B. schwächer gestellte Familien und gestaltet Aktionen in Bad Kreuznach mit.<br />Der Förderverein freut sich sehr über neue Mitglieder!</span></span></span></p>
<p><span style="font-size: 14px;"></span><span face="Times New Roman, serif" style="font-family: 'Times New Roman', serif;"><span face="Arial, sans-serif" style="font-family: Arial, sans-serif;"><span size="4" style="font-size: large;">Email: <a href="mailto:foerderverein.kunstwerkstatt.kh@gmail.com">foerderverein.kunstwerkstatt.kh@gmail.com</a><br /></span></span><span face="Times New Roman, serif" style="font-family: 'Times New Roman', serif;"><span face="Arial, sans-serif" style="font-family: Arial, sans-serif;"><span size="4" style="font-size: large;"></span></span></span></span></p>
<p>[/et_pb_text][/et_pb_column][et_pb_column type=&#8220;1_2&#8243; _builder_version=&#8220;4.16&#8243; custom_padding=&#8220;|||&#8220; global_colors_info=&#8220;{}&#8220; custom_padding__hover=&#8220;|||&#8220;][et_pb_image src=&#8220;https://kunstwerkstatt-kh.de/wp-content/uploads/2025/01/20250113_Foerderverein_2-scaled.jpg&#8220; title_text=&#8220;20250113_Förderverein_2&#8243; align=&#8220;center&#8220; _builder_version=&#8220;4.26.0&#8243; _module_preset=&#8220;default&#8220; transform_translate=&#8220;0px|-6px&#8220; transform_translate_linked=&#8220;off&#8220; width=&#8220;89%&#8220; scroll_fade_enable=&#8220;off&#8220; hover_enabled=&#8220;0&#8243; global_colors_info=&#8220;{}&#8220; sticky_enabled=&#8220;0&#8243;][/et_pb_image][et_pb_button button_url=&#8220;https://kunstwerkstatt-kh.de/wp-content/uploads/2024/01/Kuwe_FV_Einzugsermaechtigung-scaled.jpg&#8220; button_text=&#8220;Mitglied werden&#8220; button_alignment=&#8220;center&#8220; _builder_version=&#8220;4.21.0&#8243; _module_preset=&#8220;default&#8220; global_colors_info=&#8220;{}&#8220;][/et_pb_button][/et_pb_column][/et_pb_row][et_pb_row _builder_version=&#8220;4.16&#8243; custom_padding=&#8220;0|0px|0|0px|false|false&#8220; animation_style=&#8220;fade&#8220; global_colors_info=&#8220;{}&#8220;][et_pb_column type=&#8220;4_4&#8243; _builder_version=&#8220;4.16&#8243; custom_padding=&#8220;|||&#8220; global_colors_info=&#8220;{}&#8220; custom_padding__hover=&#8220;|||&#8220;][/et_pb_column][/et_pb_row][/et_pb_section]</p>

<p>Förderverein der Kunstwerkstatt Bad Kreuznach e.V. Der Förderverein unterstützt die 2008 gegründete Jugendkunstschule Kunstwerkstatt Bad Kreuznach e.V. ideell und finanziell, um jungen Menschen durch Erwerb von Fertigkeiten, Fähigkeiten und Kunstausübung Stabilität und Selbstbewusstsein zu ermöglichen und dadurch die Persönlichkeitsentwicklung von Kindern und Jugendlichen zu fördern. So unterstützt er z. B. schwächer gestellte Familien und gestaltet [&hellip;]</p>
